90. Calculate the remainder when x is divided by q.
2
Suppose -56 = 16*c - 20*c. Suppose 2*m = b + c, -m = -24*b + 28*b - 16. What is the remainder when 221 is divided by m?
5
Suppose -5*c = -5*k + 85, -5*c + 6 + 21 = 3*k. What is the remainder when 2905 is divided by k?
7
Let b = 1632 + -1623. Calculate the remainder when 1319 is divided by b.
5
Suppose 15*i - 1195 = 36*i - 3673. Calculate the remainder when 704 is divided by i.
114
Calculate the remainder when (-6)/(-15)*(-50)/(-40)*7534 is divided by 10.
7
Let x = 5296 - 5279. What is the remainder when 136 is divided by x?
0
Calculate the remainder when 231 is divided by (1720/(-258))/((-5)/48).
39
What is the remainder when (36/216)/((-2)/(-564)) is divided by 41?
6
Suppose 176*o = -391*o + 17199 - 4725. What is the remainder when 6790 is divided by o?
14
Let j = -309 - -326. Suppose -5*s + 457 + 31 = 3*d, 408 = 4*s - 2*d. What is the remainder when s is divided by j?
15
Suppose -m = -2*k - 14, 39*m + 2*k = 42*m - 38. Calculate the remainder when 120 is divided by m.
0
Let d = 40 - 32. Let q be 82/d + (-20)/80. Suppose 0*o + q = -5*o, 3*o - 90 = -4*x. What is the remainder when x is divided by 9?
6
What is the remainder when 840 is divided by 626730/9360 + (-2)/(-48)?
36
Suppose 3*d - 55 + 76 = 0, 1489 = 3*i + 2*d. Calculate the remainder when i is divided by 484.
17
Let k(h) = 16*h**3 + 7*h**2 + 2*h - 9. Let y be k(3). What is the remainder when 1 - (-2)/(1/(y/8)) is divided by 66?
58
Let z = 97 + -76. Suppose 5*r - 3*m - 3149 = 0, 2*r - 51*m = -49*m + 1262. Calculate the remainder when r is divided by z.
19
Suppose 6*r - 595 = -5*r + 2*h, 5*r = 3*h + 283. What is the remainder when r is divided by 14?
11
Suppose 85 = 2*r - 0*p - 3*p, 0 = 4*p - 20. What is the remainder when r is divided by 1?
0
Let z = 39 - 37. Suppose u - 2*s - 4 = 2*u, 3*s = -z*u - 5. Suppose u*y + 0*y = 162. What is the remainder when y is divided by 21?
18
Suppose 0 = 10*y - 5*y - 15. Suppose 3*i = -4*j + 60, j - 16 = -y*i + 8. Suppose p + j - 29 = 0. What is the remainder when 33 is divided by p?
16
Calculate the remainder when ((-4)/(-18) + (-30 - (-11983)/414))*-17274 is divided by 16.
11
Let s(j) = -4132*j**3 - 4*j**2 + j + 2. What is the remainder when s(-1) is divided by 70?
69
Let g(y) = -4*y - 6. Let v = 24 - -321. Suppose 7*l - v = 2*l. What is the remainder when l is divided by g(-6)?
15
Calculate the remainder when 297 is divided by 13*20/(-130)*(0 - 19).
31
Suppose 186*l + l = 1736292 + 2592010. Calculate the remainder when l is divided by 50.
46
Suppose -4*t = -4*l - 0*l - 64, 0 = -4*l. Suppose -11*p + 38*p - 2106 = 0. What is the remainder when p is divided by t?
14
Let j(v) = -3071*v**3 + 8*v**2 - 2*v - 3. Calculate the remainder when j(-1) is divided by 1024.
6
Suppose 4*k + 4*w = 500, 22*k + 5*w = 10*k + 1535. Calculate the remainder when k is divided by (-34)/(-2) - (-4 + 4).
11
Calculate the remainder when 2865 is divided by (35/(-10) + -6)/((-22)/44).
15
Suppose 16409 = 31*w - 16947. What is the remainder when w is divided by 268?
4
Let b = 28062 + -27842. Calculate the remainder when 6817 is divided by b.
217
Let a be (-46)/4 - (-4)/8*-1. Let y(f) = 3*f**2 + 27*f + 25. What is the remainder when y(a) is divided by 45 + (2 + -3 - -1)?
43
Suppose 27*z = 18*z + 198. Suppose z = -1030*p + 1032*p. Calculate the remainder when 11 is divided by p.
0
Suppose -2*v + t + 122 = 3*v, 2*v - 52 = 2*t. Suppose 56*m - v = 50*m. What is the remainder when 105 is divided by m?
1
What is the remainder when 101 is divided by (-660)/3630 - (-1 - 90/11) - -1?
1
Suppose -4*s + 4*p - 2336 = 0, -s + 4*s - p + 1756 = 0. Let m = -381 - s. What is the remainder when m is divided by 53?
46
Suppose 3*s + 4*x = 1031, 4*s + 123*x - 125*x - 1404 = 0. Calculate the remainder when s is divided by 88.
85
Let j(p) = -13*p + 60. Let q(n) = 26*n - 119. Let u(o) = 11*j(o) + 6*q(o). Let c be u(10). Let y = c - 33. What is the remainder when 128 is divided by y?
42
Let x = 355 - 407. Calculate the remainder when (-3)/(-1) - x/12*33 is divided by 49.
48
Suppose -3*s + 5*u + 125 = 0, 236 = 5*s + 2*u + 38. Let o = s - 42. What is the remainder when 8 is divided by o*-2*(3 - 2)?
0
Let h be (12/(-10))/((-882)/80 - -11). Suppose 2*d - 1 = -p + 6*d, -3*p + 3*d = -h. Calculate the remainder when p is divided by 12.
9
Let z(s) = -s**3 + 2*s**2 + s + 2. Let w = -3365 - -3384. Calculate the remainder when z(-4) is divided by w.
18
Let c = 71 + -202. Let f = c - -135. Suppose -4*b + 16*a + 46 = 18*a, f*a - 12 = 0. Calculate the remainder when 28 is divided by b.
8
Let y(z) = z**3 + 12*z**2 + 24*z + 9. Let c be y(-9). Let i be (c/(-10))/(6/(-15)). Suppose -44 = -11*q + i*q. Calculate the remainder when q is divided by 4.
2
Suppose 0 = 6*v - 1141 - 1385. Let w = v - 405. Calculate the remainder when 54 is divided by w.
6
Suppose -3*j - g - 40 = -0*j, 3*j - 4*g + 50 = 0. Calculate the remainder when 91 is divided by ((-8 - -15) + j)*46/(-7).
45
Let i = 7265 + -7159. What is the remainder when i is divided by 27?
25
Let l(k) = -k**3 - 6*k**2 + 34*k + 192. Calculate the remainder when l(-9) is divided by 123.
6
Let z be 5 - (2 - 3/1). Suppose -4*l = -z - 10. Suppose -7*g + 423 = -l*g. Calculate the remainder when g is divided by 12.
9
Suppose 2*t + 2*k + 34 = 5*t, 30 = 2*t - 5*k. Suppose -55 = -23*y + 37. Calculate the remainder when t is divided by y.
2
Let u be (2 - (-1 + -323))*-1. Let a = -183 - u. Let h(y) = 3*y**2 - 374*y + 6039. Calculate the remainder when a is divided by h(19).
15
Let z(n) = 82*n + n**2 + 76*n - 167*n + 10. What is the remainder when 940/16 + (-1)/(-4) is divided by z(10)?
19
Let c(f) = 97*f - 85. Let r be c(6). Let x = 656 - r. Calculate the remainder when x is divided by 27.
24
Suppose 4*v - 26 = -5*k, 5*k + v = 6*k + 2. Let o(j) = -4*j - 6*j**k + 2*j**2 + j**3 - 3 - 5*j**3 + 6. Calculate the remainder when o(-3) is divided by 18.
15
Let i(h) = 2*h**2 + 394*h + 3497. What is the remainder when 3160 is divided by i(-9)?
109
Let n(f) = 38*f + 581. What is the remainder when n(-11) is divided by 28?
23
Suppose -2*m + 2*o = -2156, 106*m = 105*m - 5*o + 1054. What is the remainder when m is divided by 4?
2
Let p = -14864 + 15242. Calculate the remainder when p is divided by 187.
4
Let u = -14170 + 14209. Calculate the remainder when 1239 is divided by u.
30
Suppose -4*i = -g + 53, -i + 2*g = g + 11. Let b(d) = d**2 + 15*d - 3. Let o be b(i). Let a = o + 30. What is the remainder when 36 is divided by a?
10
Suppose -19017*b + 2352 = -18989*b. What is the remainder when 2029 is divided by b?
13
Suppose 5*p + 2*m = 0, p - 5*p - 18 = -2*m. Suppose 0 = -33*y + 19*y - 168. What is the remainder when (y + 3)*(-2)/2 + p is divided by 2?
1
Let p = 43 + -39. Suppose c + p = 40. Let y = c + -29. What is the remainder when 9 is divided by y?
2
Let a(h) = 8*h**2 - 696*h + 37. What is the remainder when 107 is divided by a(87)?
33
Suppose 28*u + 186 = 24*u + 2*a, -2*a - 166 = 4*u. What is the remainder when ((-162)/(-7))/(u/56 - -1) is divided by 2?
0
Suppose 379 = -7*r + 659. Calculate the remainder when (195 + 2)/(-1 + 2) is divided by r.
37
Let g = 53 - 54. Let u be 6/6*(-37 - (g - 1)). Calculate the remainder when 17 is divided by 2/(-5) - 189/u.
2
Let x(n) = -2*n**3 - 2*n**2 + 4*n + 4. Let u(i) = i**3 - 13*i**2 + 19*i + 67. Let j be u(11). Calculate the remainder when x(-3) is divided by 10/(80/4)*j.
11
Let d(g) be the third derivative of 13*g**5/60 + 3*g**4/2 - 17*g**3/6 - 29*g**2. Suppose s = 5*s - 172. What is the remainder when d(-5) is divided by s?
42
Suppose 14*i - 131 = 163. What is the remainder when 71 is divided by i?
8
Suppose -i + 13 = -0. Let r = i - -20. Suppose -t = 108 - 117. Calculate the remainder when r is divided by t.
6
Let r be (-2 - -6)/1 - (8 + 0). Let h(s) = -s. What is the remainder when 27 is divided by h(r)?
3
Let o(f) = 9*f - 31. Let c be o(7). Let y = c - 38. Calculate the remainder when (-82)/(-6) + y + (-133)/(-21) is divided by 8.
6
Let d = -35 + 21. Suppose 4*h - 95 = -5*g - 0*h, g - 28 = h. Calculate the remainder when g is divided by 21/d*(-52)/6.
10
Let x be (-27)/5 + 19/((-1425)/45). Calculate the remainder when (32/(-3))/(1/(-9)) is divided by (x/9)/(123/63 - 2).
12
Let b(f) = -20*f + 64. Suppos